 c(z) = -30*z - 75. What is c(-9)?
195
Let h(w) = 2*w**2 + 1906*w + 57165. What is h(-31)?
1
Let d(c) = -152*c + 2742. Calculate d(18).
6
Let z(k) = -3*k**3 - 81*k**2 - k - 2393. Give z(-28).
-13
Let u(s) = -440*s + 26393. Calculate u(60).
-7
Let u(n) = -n**2 - 26*n + 130. Calculate u(4).
10
Let h(z) = -5*z**2 + 435*z + 337. What is h(87)?
337
Let q(u) = 3*u**2 + 8*u - 25. Give q(-8).
103
Let l(z) = -4*z + 106. Determine l(-10).
146
Let p(c) = 69*c + 563. Give p(-8).
11
Let q(l) = 44*l + 17. Give q(0).
17
Let p(c) = -107*c + 3219. Calculate p(30).
9
Let p(y) = 2*y**2 - 131*y + 2058. Give p(39).
-9
Let i(c) = c**2 - 7737*c + 69554. What is i(9)?
2
Let k(m) = m**2 + 26*m + 103. Calculate k(-21).
-2
Let r(u) = u**2 - 99*u + 3. Calculate r(0).
3
Let n(w) = 278*w - 11. Give n(1).
267
Let s(w) = -w**3 - 66*w**2 + 209*w + 342. What is s(-69)?
204
Let y(b) = -2*b**3 - 10*b**2 + 12*b - 43. Give y(-8).
245
Let k(p) = p**3 - 10*p**2 - 28*p + 33. Give k(12).
-15
Let d(q) = -3*q - 63. What is d(-21)?
0
Let l(q) = 1167*q - 5843. Determine l(5).
-8
Let r(f) = 36*f - 1575. What is r(29)?
-531
Let q(x) = 2*x**2 - 49*x - 397. Determine q(31).
6
Let a(r) = -r**3 - 147*r**2 - 149*r - 404. What is a(-146)?
34
Let t(r) = 33*r - 2385. Calculate t(72).
-9
Let l(i) = -i**3 + 44*i**2 + 31*i + 627. What is l(45)?
-3
Let d(c) = 30*c**2 - 42*c - 248. Give d(-5).
712
Let h(u) = 2*u**2 - 1698*u - 17129. Give h(-10).
51
Let m(f) = f**2 - 44*f + 249. Determine m(40).
89
Let h(r) = -64*r - 3424. Calculate h(-53).
-32
Let q(u) = -389*u - 5844. Determine q(-15).
-9
Let n(b) = b**3 - 3*b**2 + 10*b - 25. Calculate n(3).
5
Let f(p) = -p**3 - 8*p**2 + 507*p - 121. Give f(-27).
41
Let p(g) = g**2 + 714*g + 4953. Calculate p(-7).
4
Let w(l) = -4110*l - 8216. Determine w(-2).
4
Let c(b) = -2*b**3 + 2*b**2 - 58*b + 216. Determine c(5).
-274
Let p(q) = 18*q + 230. What is p(-12)?
14
Let a(r) = r**3 - 28*r**2 - 21*r - 78. Calculate a(29).
154
Let f(g) = -g**3 - 16*g**2 - 12*g - 15. Give f(-15).
-60
Let r(h) = -10*h**2 - 24*h - 157. What is r(-9)?
-751
Let w(l) = l**2 - 114*l - 719. Give w(-6).
1
Let a(t) = -66*t**2 + 851*t + 17. Give a(13).
-74
Let y(v) = -v**3 - 35*v**2 - 157*v + 1596. Calculate y(-27).
3
Let m(g) = -547*g + 1659. Determine m(3).
18
Let f(o) = -12*o - 316. Calculate f(-32).
68
Let f(y) = 88*y + 738. Calculate f(-8).
34
Let b(v) = 4*v**3 - 104*v**2 - 35*v + 65. Give b(26).
-845
Let m(d) = -4*d - 54. Calculate m(-16).
10
Let f(x) = 7610*x + 296793. Determine f(-39).
3
Let h(w) = -103*w + 125. Calculate h(1).
22
Let t(f) = f**3 - 5*f**2 - 6*f - 15. Determine t(7).
41
Let v(p) = 493*p + 28. Determine v(-1).
-465
Let r(m) = m**2 + 88*m + 186. Calculate r(-85).
-69
Let d(a) = a**3 + 3*a**2 - 5*a + 191. Determine d(0).
191
Let r(o) = 895*o - 902. Give r(1).
-7
Let x(q) = 2*q**2 + 310*q - 1601. Give x(5).
-1
Let h(y) = -y**2 - 54*y + 133. Give h(-56).
21
Let r(x) = -94*x + 739. What is r(8)?
-13
Let g(l) = -2*l**2 - 308*l - 7250. Calculate g(-29).
0
Let r(m) = 20*m + 261. Give r(-17).
-79
Let k(v) = 8*v**2 - 27*v + 154. Determine k(12).
982
Let w(q) = q**2 - 49*q + 415. Determine w(13).
-53
Let a(n) = -n**3 + 14*n**2 - 64*n + 66. Give a(4).
-30
Let d(r) = -r**2 + 3*r + 153. Give d(14).
-1
Let y(f) = -97*f + 152. Calculate y(3).
-139
Let k(w) = 84*w**2 - 1339*w + 18. Determine k(16).
98
Let n(x) = -x**3 - 15*x**2 - 32*x - 8. Give n(-11).
-140
Let t(k) = 3*k**2 + 233*k - 181. Determine t(-78).
-103
Let r(p) = p**3 + 79*p**2 - 202*p - 3188. Determine r(-81).
52
Let h(m) = -m**3 - 11*m**2 - 25*m + 30. Give h(-9).
93
Let k(m) = -133*m + 3592. What is k(27)?
1
Let k(f) = 161*f**3 + 1449*f**2 + 4*f + 34. What is k(-9)?
-2
Let n(k) = 27*k - 103. Give n(6).
59
Let n(x) = 6*x + 181. Determine n(-36).
-35
Let y(b) = -5*b**2 - 179*b + 76. Calculate y(-36).
40
Let b(i) = -49*i + 1146. Determine b(19).
215
Let b(c) = 36*c - 14. Give b(-7).
-266
Let o(j) = 23*j + 177. Determine o(-7).
16
Let q(z) = -4*z - 9. What is q(0)?
-9
Let f(c) = c**3 - 11*c**2 + 8*c - 3. Determine f(8).
-131
Let i(n) = n**2 + 169*n + 1737. What is i(-158)?
-1
Let k(o) = 174*o + 4. Calculate k(1).
178
Let q(h) = 22*h + 554. Calculate q(-26).
-18
Let m(i) = 31*i + 655. Give m(-6).
469
Let q(u) = u**3 - 325*u - 655. Determine q(-2).
-13
Let x(t) = -t**3 + 223*t**2 - 3502*t + 7. Give x(206).
7
Let m(z) = 5*z**2 + 484*z - 98. Calculate m(-97).
-1
Let o(y) = -y**3 + 57*y**2 - 162*y + 67. Give o(54).
67
Let o(d) = 3*d**3 - 26*d**2 + 28*d - 678. Calculate o(10).
2
Let c(t) = 45*t - 810. Calculate c(19).
45
Let d(m) = 3170*m + 53886. What is d(-17)?
-4
Let x(r) = 3462*r - 27672. Determine x(8).
24
Let i(k) = -61*k - 857. What is i(-12)?
-125
Let r(b) = -194*b**3 - b**2 - b + 1. Give r(1).
-195
Let t(m) = m**2 - 211*m + 3121. Calculate t(16).
1
Let q(o) = -o**3 + 13*o**2 - 42*o + 14. Give q(10).
-106
Let y(v) = -v**3 + 40*v**2 + 62*v - 881. Give y(41).
-20
Let r(i) = -7*i**2 - 264*i + 44. Determine r(-38).
-32
Let h(r) = 48*r**2 + 232*r + 3. Determine h(-5).
43
Let c(u) = u**3 + 27*u**2 - 3*u + 27. Give c(-27).
108
Let g(b) = b**3 - 17*b**2 - 107*b - 33. Determine g(22).
33
Let z(m) = 2*m**2 - 100*m - 10013. Determine z(-50).
-13
Let p(l) = 5*l - 70. Give p(-5).
-95
Let x(d) = 711*d - 2144. Determine x(3).
-11
Let h(l) = -70*l - 182. Determine h(3).
-392
Let t(b) = b**2 + 29*b - 231. Give t(-27).
-285
Let j(r) = -5*r**3 - 3*r**2 + 3*r + 1. Determine j(1).
-4
Let g(x) = x**3 - 10*x**2 - 7*x + 150. Determine g(9).
6
Let g(v) = -v**2 + 4*v + 23. Give g(18).
-229
Let c(o) = 786*o + 789. Calculate c(-1).
3
Let y(c) = -7*c**3 - 4*c**2 + 7*c - 3. Calculate y(2).
-61
Let c(s) = -2*s**2 - 17*s - 18. Give c(-9).
-27
Let v(d) = -d**3 - 19*d**2 + 34*d - 28. Give v(-20).
-308
Let u(o) = -6*o**2 + 113*o - 352. Give u(15).
-7
Let u(v) = -3*v**2 - 16*v - 27. Determine u(-10).
-167
Let g(i) = 6*i**3 - 30*i**2 - 29*i + 137. Give g(5).
-8
Let v(b) = -b**2 - 310*b - 2452. Calculate v(-8).
-36
Let x(y) = y**3 - 146*y**2 - 1233*y. Give x(-8).
8
Let u(b) = 18*b**2 + 172*b + 116. Calculate u(-9).
26
Let v(o) = -16*o + 143. What is v(13)?
-65
Let u(n) = n**3 + 20*n**2 - 44*n - 859. Give u(-20).
21
Let c(w) = -7*w**3 + 11*w**2 - 8*w + 9. Calculate c(3).
-105
Let z(i) = i**3 + 17*i**2 + 66*i - 24. Calculate z(-12).
-96
Let g(c) = 3*c**2 + 19*c + 16. Calculate g(-8).
56
Let u(g) = 242*g + 3876. Calculate u(-16).
4
Let p(d) = -7*d**2 + 678*d + 2935. Give p(101).
6
Let d(o) = 7*o - 243. What is d(36)?
9
Let o(y) = -3928*y - 15715. Calculate o(-4).
-3
Let i(v) = -v**3 + 16*v**2 - 59*v + 42. What is i(11)?
-2
Let n(h) = -2*h**3 + 20*h**2 + 52*h + 3. Determine n(-2).
-5
Let g(b) = b**3 - 32*b**2 + 116*b + 17. Calculate g(28).
129
Let k(l) = -80*l - 142. Determine k(7).
-702
Let k(l) = 48*l - 239. Calculate k(5).
1
Let u(w) = -29*w + 444. What is u(15)?
9
Let i(o) = -3*o**2 + 173*o - 415. Calculate i(55).
25
Let a(b) = -2*b**3 - 72*b**2 - 7*b - 263. Calculate a(-36).
-11
Let b(s) = 89*s - 57. What is b(2)?
121
Let q(d) = 2*d**3 + 73*d**2 - 180*d + 602. Calculate q(-39).
17
Let l(w) = -19*w**3 + 48*w - 47. Give l(1).
-18
Let v(r) = 2028*r - 81121. Give v(40).
-1
Let n(x) = -x**3 - 20*x**2 - 92*x - 7. Determine n(-4).
105
Let b(t) = 23*t**3 - 331*t**2 - 214*t + 63. What is b(15)?
3
Let j(t) = -t**2 + 110*t - 533. Determine j(105).
-8
Let d(t) = -1297*t - 41507. Give d(-32).
-3
Let u(w) = 225*w - 1125. Calculate u(5).
0
Let t(o) = -5503*o + 11026. What is t(2)?
20
Let f(n) = -274*n + 10352. Give f(38).
-60
Let l(o) = -30*o + 34. Calculate l(-5).
184
Let k(n) = 145*n**2 - 586*n + 20. Give k(4).
-4
Let k(f) = -38*f**2 - 1398*f + 370. Determine k(-37).
74
Let f(n) = -6*n**3 + 4*n**2 + 7*n + 1. What is f(-1)?
4
Let s(q) = q**3 + 52*q**2 - 2345*q + 314. Calculate s(-81).
-10
Let y(d) = -13*d**2 + 23*d - 9. What is y(4)?
-125
Let t(c) = -3*c**3 - 67*c**2 + 49*c + 47. Determine t(-23).
-22
Let w(m) = 4*m**2 - 100*m + 167. Calculate w(23).
-17
Let x(b) = -b**3 + 42*b**2 + 45*b - 106. Determine x(43).
-20
Let x(r) = -r**3 - 8*r**2 + 5*r - 3. What is x(0)?
-3
Let c(r) = -2*r**3 - 149*r**2 + 226*r - 157. Determine c(-76).
-5
Let m(v) = -57*v - 1416. Determine m(-26).
66
Let f(v) = -850*v - 133456. Calculate f(-157).
-6
Let n(q) = -22*q + 457. Give n(-34).
1205
Let l(y) = 